tors of 765782235?
3, 5, 5672461
What are the prime factors of 534702472?
2, 66837809
What are the prime factors of 11806347?
3, 7, 17, 33071
List the prime factors of 29244515.
5, 19, 43, 7159
What are the prime factors of 23629763?
23, 659, 1559
What are the prime factors of 222087118?
2, 11, 1867, 5407
What are the prime factors of 584409327?
3, 47, 1223, 3389
What are the prime factors of 2422743504?
2, 3, 19, 113, 23509
What are the prime factors of 3463858854?
2, 3, 607, 317029
List the prime factors of 4040777.
13, 310829
What are the prime factors of 42856662?
2, 3, 1091, 6547
What are the prime factors of 47950770?
2, 3, 5, 7, 228337
List the prime factors of 120471254.
2, 60235627
List the prime factors of 2920717483.
31, 94216693
List the prime factors of 147439185.
3, 5, 337, 29167
List the prime factors of 221143060.
2, 5, 103, 107351
What are the prime factors of 133979021?
11, 41, 419, 709
What are the prime factors of 721038788?
2, 61, 1321, 2237
What are the prime factors of 236344231?
1063, 222337
What are the prime factors of 151056830?
2, 5, 15105683
What are the prime factors of 499105498?
2, 2963, 84223
List the prime factors of 89458489.
37, 2417797
What are the prime factors of 520386037?
101, 311, 16567
List the prime factors of 8661270.
2, 3, 5, 103, 2803
What are the prime factors of 4259101042?
2, 7, 4523, 67261
What are the prime factors of 4860102686?
2, 31, 457, 171529
What are the prime factors of 58634499?
3, 7, 11, 43, 5903
List the prime factors of 321185442.
2, 3, 53530907
What are the prime factors of 698964530?
2, 5, 11, 53, 119891
What are the prime factors of 2210173332?
2, 3, 17, 10834183
What are the prime factors of 113631682?
2, 53, 337, 3181
List the prime factors of 120969468.
2, 3, 73, 191, 241
List the prime factors of 151789267.
7, 71, 305411
What are the prime factors of 6453538408?
2, 806692301
What are the prime factors of 58201407?
3, 11, 37, 15889
What are the prime factors of 5035086402?
2, 3, 31, 103, 262819
List the prime factors of 680341016.
2, 1741, 48847
What are the prime factors of 156859967?
11, 107, 133271
What are the prime factors of 7045186637?
59, 119409943
What are the prime factors of 169720483?
19, 61, 146437
List the prime factors of 84920335.
5, 167, 101701
What are the prime factors of 78220085?
5, 271, 57727
What are the prime factors of 623864556?
2, 3, 7, 2475653
What are the prime factors of 359516852?
2, 89879213
List the prime factors of 43472382.
2, 3, 41, 61, 2897
List the prime factors of 52338445.
5, 19, 73, 7547
What are the prime factors of 7839831506?
2, 13, 37, 1531, 5323
What are the prime factors of 332065274?
2, 149, 311, 3583
List the prime factors of 2548353033.
3, 167, 1695511
What are the prime factors of 200537437?
23, 41, 109, 1951
List the prime factors of 149082067.
23, 6481829
What are the prime factors of 164346069?
3, 1277, 42899
List the prime factors of 1601622057.
3, 7, 76267717
List the prime factors of 3977914913.
7, 349, 457, 509
List the prime factors of 2241616319.
433, 5176943
List the prime factors of 2168232053.
13, 166787081
What are the prime factors of 845775489?
3, 13, 37, 586123
What are the prime factors of 5359367208?
2, 3, 13, 53, 107, 233
List the prime factors of 3760340.
2, 5, 188017
What are the prime factors of 731074460?
2, 5, 17, 149, 14431
List the prime factors of 439983252.
2, 3, 1039, 1307
List the prime factors of 146064275.
5, 7, 834653
List the prime factors of 113775785.
5, 22755157
List the prime factors of 916039530.
2, 3, 5, 7, 29, 619
What are the prime factors of 50322104?
2, 7, 379, 2371
List the prime factors of 442062119.
47, 1571, 5987
What are the prime factors of 25290824?
2, 13, 19, 12799
List the prime factors of 46270494.
2, 3, 43, 19927
What are the prime factors of 1004937246?
2, 3, 19, 979471
List the prime factors of 58999722.
2, 3, 71, 138497
What are the prime factors of 439847763?
3, 1163, 126067
What are the prime factors of 97790558?
2, 48895279
List the prime factors of 35631076.
2, 13, 47, 61, 239
What are the prime factors of 1418524156?
2, 7, 269, 188333
List the prime factors of 574470751.
269, 521, 4099
List the prime factors of 1894666.
2, 43, 22031
List the prime factors of 72449942.
2, 331, 109441
List the prime factors of 220315551.
3, 23, 277, 11527
What are the prime factors of 183545112?
2, 3, 1607, 4759
What are the prime factors of 18836450?
2, 5, 376729
List the prime factors of 7927541.
19, 417239
What are the prime factors of 136178604?
2, 3, 1031, 1223
What are the prime factors of 176868817?
4297, 41161
What are the prime factors of 105302076?
2, 3, 11, 797743
What are the prime factors of 719719309?
79, 9110371
What are the prime factors of 929888645?
5, 7, 67, 396541
List the prime factors of 181891406.
2, 23, 271, 14591
What are the prime factors of 90485526?
2, 3, 17, 887113
List the prime factors of 24219886.
2, 1447, 8369
List the prime factors of 4774963180.
2, 5, 13, 1412711
List the prime factors of 540074482.
2, 29, 439, 21211
What are the prime factors of 198488911?
198488911
What are the prime factors of 120229551?
3, 13, 59, 17417
What are the prime factors of 342569279?
13, 26351483
List the prime factors of 74579083.
47, 1586789
What are the prime factors of 421124227?
19, 23, 743, 1297
List the prime factors of 41041752.
2, 3, 23, 149, 499
What are the prime factors of 32027217?
3, 19, 43, 73, 179
What are the prime factors of 201005737?
201005737
What are the prime factors of 3788618371?
193, 643, 30529
What are the prime factors of 30107135?
5, 151, 39877
List the prime factors of 106479540.
2, 3, 5, 591553
What are the prime factors of 21501697?
7, 3071671
List the prime factors of 471336940.
2, 5, 2341, 10067
List the prime factors of 154977014.
2, 113, 685739
What are the prime factors of 122636133?
3, 443, 10253
What are the prime factors of 65928171?
3, 21976057
What are the prime factors of 852943012?
2, 29, 43, 307, 557
List the prime factors of 75053813.
75053813
List the prime factors of 13593613.
11, 769, 1607
What are the prime factors of 386217530?
2, 5, 31, 1245863
What are the prime factors of 127768600?
2, 5, 17, 37579
List the prime factors of 131659442.
2, 73, 467, 1931
List the prime factors of 19090259.
127, 191, 787
List the prime factors of 1176810759.
3, 130756751
What are the prime factors of 72078417?
3, 98873
What are the prime factors of 62919226?
2, 857, 36709
List the prime factors of 810615163.
29, 137, 373, 547
List the prime factors of 836795320.
2, 5, 20919883
List the prime factors of 120915206.
2, 229, 264007
List the prime factors of 70100272.
2, 11, 19, 20963
What are the prime factors of 212096942?
2, 67, 1582813
What are the prime factors of 1750984321?
61, 71, 404291
What are the prime factors of 23765485?
5, 19, 97, 2579
List the prime factors of 7085490902.
2, 7, 506106493
What are the prime factors of 156498290?
2, 5, 13, 127, 9479
List the prime factors of 140108957.
140108957
List the prime factors of 55903663.
55903663
What are the prime factors of 92372528?
2, 19, 113, 2689
List the prime factors of 162741124.
2, 7, 13, 67, 6673
List the prime factors of 425159250.
2, 3, 5, 566879
List the prime factors of 1048522860.
2, 3, 5, 7, 11, 151, 167
What are the prime factors of 108180637?
37, 1583, 1847
List the prime factors of 5841403.
283, 20641
List the prime factors of 8838832763.
17, 83, 743, 8431
What are the prime factors of 398070369?
3, 643, 7643
What are the prime factors of 138018211?
1013, 136247
What are the prime factors of 182788906?
2, 41, 2229133
What are the prime factors of 372162217?
7, 149, 356819
What are the prime factors of 7276860190?
2, 5, 61, 11929279
What are the prime factors of 274870594?
2, 137435297
What are the prime factors of 3670386460?
2, 5, 13, 23, 59, 101, 103
What are the prime factors of 1213104594?
2, 3, 13, 23, 83, 8147
List the prime factors of 48093724.
2, 7, 757, 2269
List the prime factors of 493060978.
2, 2963, 83203
What are the prime factors of 160867727?
23, 29, 433, 557
What are the prime factors of 694969049?
89, 241, 32401
What are the prime factors of 84875305?
5, 17, 599, 1667
List the prime factors of 1023653745.
3, 5, 29, 784409
List the prime fac